n 155 is divided by (-156)/(-9) - -3 - 2/6?
15
Suppose 9*r - 10*r + 9 = 0. What is the remainder when 51 is divided by 126/(-24)*(-24)/r?
9
Let f = -36 - -8. What is the remainder when 8/f + 657/21 is divided by 7?
3
Suppose 0 = 27*i + 11*i - 988. Let y = 24 + -6. Calculate the remainder when i is divided by y.
8
Let b(y) = -y**3 + 12*y**2 + y - 9. Let i be b(12). Suppose 0 = t - i*t + 52. Let q(x) = 4*x**2 + x. What is the remainder when t is divided by q(-2)?
12
Let j = -45 - -76. Let d(h) = 6*h**2 + h**2 + 9*h**2. What is the remainder when j is divided by d(-1)?
15
Suppose 2*t + 4*b + 5 - 11 = 0, 3*b = 2*t - 20. Calculate the remainder when 22 is divided by t.
1
Let s be (9/(-6))/(6/(-16)). What is the remainder when (s + -7)/(-3)*20 is divided by 7?
6
Suppose -3*w + 415 + 59 = 0. What is the remainder when 32 is divided by w/14 - 20/70?
10
Let i(s) = 10*s + 1. Calculate the remainder when (-3262)/(-63) - 16/(-72) is divided by i(1).
8
Let c(t) = -t**3 - 8*t**2 - 5*t - 19. What is the remainder when 120 is divided by c(-9)?
13
Suppose -3*a + 0*a + 5 = 5*c, -5 = -5*c + a. Calculate the remainder when 6 is divided by c.
0
Let n(q) = 9*q - 26. Let x be n(14). Let c be 44/55*x*-8. Calculate the remainder when (2/(-4))/(10/c) is divided by 12.
8
Suppose 4*a = 2*z - z - 25, 10 = 5*a. Calculate the remainder when ((-4)/3)/(22/z) - -154 is divided by 22.
20
Calculate the remainder when 6/18 - (-134)/3 is divided by 2*1 + (-3 - -6) + 19.
21
Suppose 280 = 16*o - 216. Calculate the remainder when 49 is divided by o.
18
Let b(s) = -s**3 - 5*s**2 + 2. Suppose -w + 27 = -2*t + 26, 0 = t + w - 4. Calculate the remainder when b(-5) is divided by t.
0
Suppose 266*y - 52*y - 8436 = -14*y. Let o = -542 - -762. What is the remainder when o is divided by y?
35
Let y be 2/(-8) - (-72)/32. Suppose 5 + 5 = 2*n - y*x, 2*x + 7 = -n. Let j(u) = 5*u**3 - 1. Calculate the remainder when 14 is divided by j(n).
2
Let o be (0*(-1)/(-2))/(-2) - -2. What is the remainder when 131/o - 1/2 is divided by 34?
31
Let k = 18 + -39. Calculate the remainder when 39 is divided by k*(25/(-10) + (-6)/(-4)).
18
Let m = -35 + 50. Suppose m = 4*z + z. Suppose 0 = z*x - 27 - 3. What is the remainder when x is divided by 6?
4
Suppose 2*i + 0 = 2. Suppose 0 = 4*z - 49 + i. Let h = 12 - -23. What is the remainder when h is divided by z?
11
Let m = 7 + -3. Suppose -m*z = -0*z - 56. Calculate the remainder when 110 is divided by z.
12
Let x(d) = -d + 714. Let a be x(0). Let s be (-1)/(-3) + a/18. Suppose -5*u - s = -10*u. What is the remainder when 38 is divided by u?
6
Suppose 14*p - 11*p - 3*s = 5754, 3*s = -2*p + 3811. Calculate the remainder when p is divided by 11.
10
Let h(a) be the second derivative of a**5/20 - a**4/12 + a**3/6 + 33*a**2/2 - a. Suppose 0 = 9*u + 2*u - 2*u. What is the remainder when 98 is divided by h(u)?
32
Let z = -116 - -119. Suppose -y = -2*j + 101, -5*y + z*y + 198 = 4*j. Calculate the remainder when j is divided by 13.
11
Suppose -1708 = -4*g - 10*g. What is the remainder when 607 is divided by g?
119
Suppose 0 = 9*y - 2431 - 1007. What is the remainder when y is divided by 77?
74
Let u(z) = 12*z - 8. Let r(k) = 3*k - 10. Let q be r(4). What is the remainder when 45 is divided by u(q)?
13
Let o(k) = 28*k**2 - 13*k - 26. What is the remainder when 229 is divided by o(-2)?
5
Let r(t) = -12*t + 1. Suppose -7 = -3*u + 8*u + 3*m, 0 = -u - 2*m. What is the remainder when r(u) is divided by (3 + -2)/(2/28)?
11
Let v(u) = -2*u + 25. Let z(f) = 1. Suppose 0 = 22*p - 23*p + 4. Let s(j) = p*z(j) + v(j). Calculate the remainder when 27 is divided by s(12).
2
Let p = 77 + -95. Suppose y - 6*y = -30. What is the remainder when y is divided by (-22)/(-9) + (40/p)/5?
0
Let r(t) = t**3 + 35*t**2 + 33*t - 29. What is the remainder when 75 is divided by r(-34)?
0
Suppose 2*y + 4 - 27 = -h, -4*h - 3*y = -92. What is the remainder when 136 is divided by h?
21
Suppose -g = -q + 23, q - g = -3*q + 95. Let f(m) = 2*m**2 + 15*m - 8. Calculate the remainder when f(-11) is divided by q.
21
Let d(y) = 7*y + 153. Let t(x) = 3*x + 76. Let a(r) = -4*d(r) + 9*t(r). Calculate the remainder when a(14) is divided by 31.
27
Let g(y) = y - 12. Let d be g(16). Suppose d*b + 5*a + 4 = 0, 4*b + 3*a = -a. What is the remainder when b is divided by 3?
1
Suppose -6*v = -4*v - 110. Suppose -80*y + 76*y + 28 = 0. Calculate the remainder when v is divided by y.
6
Let x = 1437 - 1340. Calculate the remainder when 199 is divided by x.
5
Let z(w) = -6*w - 10. Let s(y) = -2*y**2 - 6. Let c be s(0). What is the remainder when z(c) is divided by (-2)/5 - (-111)/15?
5
Suppose -900 = -19*v + 4*v. Suppose 0 = -u + 4*u - v. What is the remainder when u is divided by 12?
8
Let f(u) = u**2 - 4*u - 1. Let h be f(3). Let i be 875/9 + h/18. Suppose -3*l + i = -14. What is the remainder when l is divided by 13?
11
Let n = -15 - 33. Calculate the remainder when 103 is divided by (0 + n/15)*20/(-8).
7
Let z be (-1)/2 - 1/2. Let k be (z - 4/(-16))*68. Let l = k + 82. What is the remainder when l is divided by 16?
15
Let o be -4*(-1)/(-3)*(-2 + -1). Suppose b + 12 = o*b. Let n(g) = g**3 + g**2 - 1. Calculate the remainder when n(2) is divided by b.
3
What is the remainder when 160 is divided by 132/7 - 102/119?
16
Suppose -4*k + 32 + 8 = 0. Suppose 0*n + 2*n = -3*g + 2, -5*g - 30 = -5*n. Calculate the remainder when 16 is divided by k - 4 - (2 + g).
4
Suppose -2*v + 71*k + 565 = 68*k, 3*k + 1145 = 4*v. What is the remainder when v is divided by 131?
28
Calculate the remainder when 395 is divided by 9/(-3)*-22*1/6.
10
What is the remainder when 460 is divided by ((-33)/9)/((-2)/42)?
75
Let c = -5 + 4. Let b = c - -5. What is the remainder when 38 is divided by ((-2)/b)/((-10)/200)?
8
Suppose 186 = -a + 4*a. Calculate the remainder when 184 is divided by a.
60
Let o = -31 + 62. Let v = o - 28. What is the remainder when 12 is divided by v?
0
Let w(b) be the second derivative of -b**5/20 - 5*b**4/6 + 4*b**3/3 - 8*b**2 - 8*b. What is the remainder when w(-11) is divided by 5?
2
Let n(k) = 15*k - 54. Suppose 4*b = -x + 1 + 4, -4*x + 5*b - 64 = 0. Let z = 0 - x. Calculate the remainder when z is divided by n(4).
5
Suppose 3*k - 4*k = 129. Let r = -75 - k. What is the remainder when r is divided by 2/((-14)/(-98)*(2 + -1))?
12
Let q be ((-4)/(-6))/((-1)/6). Let g be q/(8/(-2)) + 3. Suppose -31 = -l + g*u, 3*l + u = -l + 107. Calculate the remainder when l is divided by 15.
12
Let l(d) = d**3 + 5*d**2 - 2*d + 6. Let v be l(-5). Calculate the remainder when 50 is divided by v/(-6)*(26/(-4) - 4).
22
Let r(i) = 24*i - 4. Suppose 4*v + 26 = 2*x - 32, 66 = 4*x + 2*v. What is the remainder when r(4) is divided by x?
16
Suppose -5*h = -o + 15, -1 = o + 5*h + 4. Suppose 4*l - o*l + 10 = 0. What is the remainder when 43 is divided by l?
3
Let k = -436 - -488. Calculate the remainder when 117 is divided by k.
13
Let j = -5 + 2. Let z = j - -9. Calculate the remainder when 27 is divided by z.
3
Let l(o) = 6*o**2 + 6*o - 19. What is the remainder when l(-8) is divided by 32?
29
Let c(f) = -f**3 + 23*f**2 + 10*f - 62. What is the remainder when c(23) is divided by 25?
18
Suppose -5*j + 44 = -271. Suppose -58 - 23 = -9*r. Suppose r*d - 4 - 140 = 0. What is the remainder when j is divided by d?
15
Let m(t) = 3*t**2 + 5*t. Let n = -40 - -63. Suppose 4*b + n = 3*l, 3 = 2*l + 1. Calculate the remainder when m(b) is divided by 13.
11
Let r = 1078 + -1048. What is the remainder when 231 is divided by r?
21
Let f = 11 - -2. Suppose 0 = f*u - 10*u - 153. Calculate the remainder when u is divided by 19.
13
Let h = 29 + -3. Suppose -21*f - 85 = -h*f. Calculate the remainder when f is divided by 9.
8
Suppose -a + 238 = 4*v, 5*a = -4*v + 131 + 115. Calculate the remainder when v is divided by 5.
4
Let q be (-64)/5 - 12/60. Let i(m) = m**2 + 13*m + 2. Calculate the remainder when 7 is divided by i(q).
1
Suppose -3*k = 12 - 45. Suppose k*o - 324 = 83. Calculate the remainder when o is divided by 20.
17
Suppose r - 3*i = 3*r - 71, 3*r - 2*i - 139 = 0. Let t = r - 24. Let n(w) = w**2 + 4*w + 2. Calculate the remainder when t is divided by n(-5).
5
Suppose 0*s - 3 = 3*s. Suppose x - 4*t - 60 = -11, 3*t + 196 = 4*x. What is the remainder when x is divided by (5